mainder when 20 is divided by y(z)?
8
Let z(t) = -t**3 - 3*t**2 - 2*t - 3. Suppose u - 1 = -w + 3*w, 0 = -2*w - 4. Let p be z(u). Calculate the remainder when ((-3)/2)/(p/(-82)) is divided by 14.
13
Suppose 0 = -2*m - 3*m - d + 256, -150 = -3*m + 3*d. Calculate the remainder when 447 is divided by m.
39
Suppose -5*o + 244 - 44 = 5*q, 3*o - 36 = -q. Let f(m) = -m**3 + 7*m**2 + 2*m + 1. Calculate the remainder when q is divided by f(7).
12
Let x(k) be the third derivative of -k**6/120 - k**5/30 + k**4/3 + k**3 + 14*k**2. Calculate the remainder when 41 is divided by x(-4).
5
Let m = 321 + -318. Calculate the remainder when 14 is divided by m.
2
Suppose 11 = n - 22. What is the remainder when 124 is divided by n?
25
Let u = -17 + 18. Let m be (20 - (-1 - -3))*u. Suppose 5*l - 48 = 2*z - 15, -3*l + 3*z + m = 0. What is the remainder when l is divided by 5?
2
Suppose 0 = 3*q - 5*v + 131, -21 = q - 5*v + 6. What is the remainder when 9 is divided by (q/(-12) + -4)*12?
1
Let c(g) = -g**3 - 39*g**2 - 2*g + 46. Calculate the remainder when c(-39) is divided by 37.
13
Suppose 4*f - 187 = 453. Suppose -3*y = -c + 39, -3*y - 17 - 55 = -2*c. What is the remainder when f is divided by c?
28
Let r(m) = 9*m**2 - 22*m - 45. What is the remainder when r(-3) is divided by 9?
3
Let i(n) be the first derivative of -n**4/4 - n**3 + n**2/2 + n + 1. Suppose -7*b + 50 = -209. What is the remainder when b is divided by i(-4)?
11
Suppose -11*b = 11*b - 4994. Calculate the remainder when b is divided by 18.
11
Let o = 82 + -46. Calculate the remainder when o is divided by ((-12)/(-7))/(9/42).
4
Suppose 4*y + 277 - 345 = 0. What is the remainder when 47 is divided by y?
13
Let w = 20 - 15. What is the remainder when 40 is divided by (w - 30/(-3)) + 2?
6
Suppose 0*x - 4*x = 5*g - 36, -4*g + x + 12 = 0. Let v = 3 + 10. What is the remainder when v is divided by g?
1
Let f(g) = g**3 + 14*g**2 - 2*g + 49. Calculate the remainder when f(-14) is divided by 5.
2
Suppose 144 - 28 = 4*y - 3*p, 3*y - 62 = -4*p. Suppose 5*b - y = l, -3*b + 5*l = -7*b + 44. Calculate the remainder when 22 is divided by b.
4
Suppose -9 = -v - 3. Let k(h) = h**3 - 27*h**2 + 5*h - 112. What is the remainder when k(27) is divided by v?
5
Let p be -4 - (-4 - (2 - -52)). Suppose 5*n = p - 9. What is the remainder when n is divided by 6?
3
Suppose k - 7 = -0*k. Let l = k - 0. Let i = -5 + l. Calculate the remainder when 4 is divided by i.
0
Let q be 2/8 + 55/20. Suppose 10*r + 9 = 13*r. Suppose -r*u = -q - 6. Calculate the remainder when 5 is divided by u.
2
What is the remainder when ((-219)/(-146))/(1/50) is divided by 13?
10
What is the remainder when (3 + 1)/(5/70) is divided by 10?
6
What is the remainder when (2/(-10))/(5/(-5725)) is divided by 39?
34
Suppose 116 = 3*p + 5*x, -2*p - 8*x + 77 = -5*x. What is the remainder when p is divided by 23?
14
Let q = -130 - -65. Let p = -28 - q. Calculate the remainder when p is divided by (-1 - -3)*(-38)/(-12)*3.
18
Suppose 3*s + 2*v - 223 = 100, -2*s = -4*v - 194. What is the remainder when s is divided by 31?
12
Let r(i) = i - 1. Let b be r(5). Suppose -b*z = -12 - 100. Calculate the remainder when z is divided by 1/(-1)*(-13 + -2).
13
Let n(c) = -38*c - 273. Calculate the remainder when n(-8) is divided by 28.
3
Let v = 5 - 3. Suppose -v*f + 5*f = -87. Let g = f - -45. What is the remainder when 30 is divided by g?
14
Let h = -242 + 319. What is the remainder when h is divided by 9?
5
Let p be 5 + -2 + 2 + 2. Let s(t) = 6*t - 9. Let w = 154 + -142. What is the remainder when s(p) is divided by w?
9
Suppose -25*d = -34*d + 576. What is the remainder when 766 is divided by d?
62
Let i(m) = -8*m**3 + 4*m**2 + 15*m + 25. Calculate the remainder when i(-3) is divided by 85.
62
Suppose -4*k - 5 = -1. Let l(t) = t**2 + 1. Let a be l(k). Suppose -a*v = c + 1 - 21, 4*c = v + 80. What is the remainder when c is divided by 7?
6
Suppose -3*t - 234 = -3*r, 2*t + 3 = -1. Calculate the remainder when 84 is divided by r/2*(-7 + (-120)/(-16)).
8
Suppose 8 = 5*y - 7. Let q(w) = 3*w - 2. What is the remainder when 27 is divided by q(y)?
6
Let h(m) = -m**2 - m**2 - 8 + 31*m + 2. What is the remainder when h(15) is divided by 2?
1
Suppose 3*n + 17 = -2*o, -3*o - n - 7 = 29. Let t = o - -40. What is the remainder when 160 is divided by t?
25
Suppose -m - 4 = 0, 0 = -5*a + 2*m - 0*m + 53. Suppose -12*l + a*l + 33 = 0. Calculate the remainder when 32 is divided by l.
10
Let i(g) = -g**3 + 4*g**2 + 13*g - 36. Calculate the remainder when 460 is divided by i(4).
12
Let u(y) = 36*y - 530. Suppose 2*d + 0*d - 34 = 0. What is the remainder when u(16) is divided by d?
12
Let o = 3129 - 3113. Suppose -l = -0*l - 30. Calculate the remainder when l is divided by o.
14
Suppose h = 3*g + 5*h - 47, 32 = 2*g + 2*h. Calculate the remainder when 196 is divided by g.
9
What is the remainder when 470/10 - (2 + (-9)/3) is divided by 303/18 - 2/(-12)?
14
Let b = -1031 - -1295. Calculate the remainder when b is divided by 7.
5
Suppose 0 = 5*d - 171 - 44. Suppose 7*o + 8*o = 0. Suppose -6*i + 98 = -i - 2*h, o = -2*i - 3*h + d. What is the remainder when 38 is divided by i?
18
Suppose -2*c = c - 9. What is the remainder when (-870)/(-105) - 4/14 is divided by c?
2
Suppose -5*c - 35 = -f - c, 33 = f - 5*c. Calculate the remainder when f is divided by 34.
9
Suppose -6*y + 486 + 498 = 0. What is the remainder when y is divided by 24?
20
Let x = 52 + -48. What is the remainder when 145 is divided by x?
1
Suppose -10 = -5*o - 0. What is the remainder when 34 is divided by o?
0
Let y(k) = -24*k + 10*k - 7 - k**2 - 4*k. Let i be y(-15). Suppose 2*x - i = 6. What is the remainder when 65 is divided by x?
21
Suppose -5*z - 5*g + 1520 = 0, -96 = -z + 5*g + 208. What is the remainder when z is divided by 29?
14
Suppose 3*w - 5*m - 17 = 0, 0*m = 2*w - 3*m - 13. What is the remainder when 419 is divided by w?
13
Let g(a) = 8*a + 301. Calculate the remainder when 111 is divided by g(-34).
24
Suppose 0 = 3*h + 4*g - 1008, 346 = -0*h + h - 2*g. Let n(s) = 4*s - 30. Calculate the remainder when n(12) is divided by h/50 - (-2)/10.
4
Suppose -15*f = -18*f + 129. Calculate the remainder when 257 is divided by f.
42
Let g = 54 - -139. Let a = g - 106. Calculate the remainder when a is divided by 23.
18
Suppose -4*l - 18 = 22. Let b = l - -10. Calculate the remainder when (-2 + 1)*(b + -34) is divided by 9.
7
Suppose 23*o - 771 = 1368. Calculate the remainder when 370 is divided by o.
91
Let l = 1520 - 1510. What is the remainder when 57 is divided by l?
7
Let h(x) = -2*x**3 - x**2 - 3*x - 3. Let l be h(-2). Let b = l - 21. What is the remainder when 3 is divided by (-2)/3*b/4?
0
Suppose 0 = 5*l - m - 2057, m = 1 - 3. What is the remainder when ((-2)/(-3))/(2/l) is divided by 35?
32
Let s = 41 + -20. What is the remainder when 37 is divided by s?
16
Let r be (-1)/((-2)/(-56)*2). Let z = 20 + r. Let s(g) = -76*g + 98. What is the remainder when s(1) is divided by z?
4
Suppose 77*c - 79*c - 3*f = -443, 2*c = 3*f + 461. What is the remainder when c is divided by 80?
66
Let x be ((-24)/(-9) + -3)*-9. Suppose -4*s + x*s + 9 = 0. Calculate the remainder when s is divided by 7.
2
Let p(v) = -9*v - 4 - 2*v + 1 - 4*v. What is the remainder when p(-3) is divided by 15?
12
Let t = 140 + -92. Let g = -334 - -524. What is the remainder when g is divided by t?
46
Let m(f) = -12*f + 12. Let h = 80 - 82. What is the remainder when m(h) is divided by 10?
6
Suppose -4*y + 882 = -46. Let b = y - 128. Suppose 0 = 5*j - 5*p - 130, -4*j + 3*p = p - b. Calculate the remainder when j is divided by 9.
8
Let h(n) = -9*n + 41. Calculate the remainder when 415 is divided by h(3).
9
Suppose 5*d - 9 = -3*b, 0 = 5*b - 2*b - 4*d - 9. Suppose 0 = -b*k - 0 + 6. Suppose -k*m = -m - 21. What is the remainder when 61 is divided by m?
19
Let y = -24 - -26. Suppose -y*q + 60 = q. Calculate the remainder when 58 is divided by q.
18
Suppose -8*j + 34 = -46. What is the remainder when (0/3 - -3) + j is divided by 4?
1
Let z = 3 + -3. Suppose z = 14*t - 12*t - 24. Calculate the remainder when t is divided by 8.
4
Suppose -14*j = 3*j - 663. Calculate the remainder when j is divided by 5.
4
Let g = 11 - 9. Suppose -x - 5 = 2*s, 4*x + 14 = -0*s - g*s. Let c = 21 - 